{"id":1519,"date":"2022-04-28T15:41:42","date_gmt":"2022-04-28T13:41:42","guid":{"rendered":"https:\/\/www.buergerschaftshausev.de\/?page_id=1519"},"modified":"2024-07-10T16:58:46","modified_gmt":"2024-07-10T14:58:46","slug":"sozial-kulturelle-angebote","status":"publish","type":"page","link":"https:\/\/www.buergerschaftshausev.de\/?page_id=1519","title":{"rendered":"Sozial-kulturelle Angebote"},"content":{"rendered":"<p>Das B\u00fcrgerschaftshaus Bocklem\u00fcnd\/Mengenich e. V. hat sich zum Ziel gesetzt, die Lebensverh\u00e4ltnisse im K\u00f6lner Stadtteil Bocklem\u00fcnd\/Mengenich zu verbessern. Der Verein B\u00fcrgerschaftshaus e.V. ist bereits seit 1972 im Stadtteil aktiv. Er wurde von engagierten Bewohner*innen gegr\u00fcndet, die die Notwendigkeit eines sozialen Zentrums im Neubaugebiet Bocklem\u00fcnd voraussahen. Das B\u00fcrgerschaftshaus versteht sich als b\u00fcrgernahe Einrichtung, die allen Bewohner*innen und allen Altersgruppen, \u00fcberparteilich und konfessionell nicht gebunden, als Ort der Begegnung und Kommunikation zur Verf\u00fcgung steht. Mit der Arbeit des Hauses werden wichtige Teile der sozialen Infrastruktur im Stadtteil Bocklem\u00fcnd gesichert.<\/p>\n<p>Zum B\u00fcrgerschaftshaus e. V. als Tr\u00e4ger geh\u00f6ren das Familienzentrum \u201eDie wilden F\u00fcchse\u201c, der Kinder- und Jugendtreff \u201eOT Bocklem\u00fcnd\u201c, die Sozialraumkoordination sowie sozial-kulturelle Angebote. Im Rahmen der sozial-kulturellen Arbeiten bieten wir Sozialberatungen zu verschiedenen Problemlagen, Mittagstisch-Angebote, Give-Room zum Geben und Nehmen, Kultur-Veranstaltungen f\u00fcr Gro\u00df und Klein und einen Ort f\u00fcr andere Gruppen und Engagierte.<\/p>\n<p>Wir sind Teil der K\u00f6lner Elf, der Zusammenschluss aller B\u00fcrgerzentren und B\u00fcrgerh\u00e4user in K\u00f6ln.<\/p>\n<p><a href=\"https:\/\/youtu.be\/Q7cB3omiLAc\">https:\/\/youtu.be\/Q7cB3omiLAc<\/a><\/p>\n","protected":false},"excerpt":{"rendered":"<p>Das B\u00fcrgerschaftshaus Bocklem\u00fcnd\/Mengenich e. V. hat sich zum Ziel gesetzt, die Lebensverh\u00e4ltnisse im K\u00f6lner Stadtteil Bocklem\u00fcnd\/Mengenich zu verbessern. Der Verein B\u00fcrgerschaftshaus e.V. ist bereits seit 1972 im Stadtteil aktiv. Er wurde von engagierten Bewohner*innen gegr\u00fcndet, die die Notwendigkeit eines sozialen &hellip; <a href=\"https:\/\/www.buergerschaftshausev.de\/?page_id=1519\">Weiterlesen <span class=\"meta-nav\">&rarr;<\/span><\/a><\/p>\n","protected":false},"author":12,"featured_media":0,"parent":0,"menu_order":0,"comment_status":"closed","ping_status":"closed","template":"","meta":{"_bbp_topic_count":0,"_bbp_reply_count":0,"_bbp_total_topic_count":0,"_bbp_total_reply_count":0,"_bbp_voice_count":0,"_bbp_anonymous_reply_count":0,"_bbp_topic_count_hidden":0,"_bbp_reply_count_hidden":0,"_bbp_forum_subforum_count":0,"jetpack_post_was_ever_published":false,"footnotes":""},"class_list":["post-1519","page","type-page","status-publish","hentry"],"jetpack_sharing_enabled":true,"jetpack_shortlink":"https:\/\/wp.me\/P5AdbL-ov","_links":{"self":[{"href":"https:\/\/www.buergerschaftshausev.de\/index.php?rest_route=\/wp\/v2\/pages\/1519","targetHints":{"allow":["GET"]}}],"collection":[{"href":"https:\/\/www.buergerschaftshausev.de\/index.php?rest_route=\/wp\/v2\/pages"}],"about":[{"href":"https:\/\/www.buergerschaftshausev.de\/index.php?rest_route=\/wp\/v2\/types\/page"}],"author":[{"embeddable":true,"href":"https:\/\/www.buergerschaftshausev.de\/index.php?rest_route=\/wp\/v2\/users\/12"}],"replies":[{"embeddable":true,"href":"https:\/\/www.buergerschaftshausev.de\/index.php?rest_route=%2Fwp%2Fv2%2Fcomments&post=1519"}],"version-history":[{"count":3,"href":"https:\/\/www.buergerschaftshausev.de\/index.php?rest_route=\/wp\/v2\/pages\/1519\/revisions"}],"predecessor-version":[{"id":1680,"href":"https:\/\/www.buergerschaftshausev.de\/index.php?rest_route=\/wp\/v2\/pages\/1519\/revisions\/1680"}],"wp:attachment":[{"href":"https:\/\/www.buergerschaftshausev.de\/index.php?rest_route=%2Fwp%2Fv2%2Fmedia&parent=1519"}],"curies":[{"name":"wp","href":"https:\/\/api.w.org\/{rel}","templated":true}]}}