{"id":1702,"date":"2024-10-30T11:22:56","date_gmt":"2024-10-30T09:22:56","guid":{"rendered":"https:\/\/www.buergerschaftshausev.de\/?page_id=1702"},"modified":"2024-10-30T11:22:56","modified_gmt":"2024-10-30T09:22:56","slug":"ausbildung-und-praktika","status":"publish","type":"page","link":"https:\/\/www.buergerschaftshausev.de\/?page_id=1702","title":{"rendered":"Ausbildung und Praktika"},"content":{"rendered":"<p><strong>Ausbildung\/Praktika<\/strong><\/p>\n<p>Im Rahmen unserer Kooperation mit Stadtteilnahen Sekundarschulen bieten wir Sch\u00fcler*innen ein- bis mehrt\u00e4gige Orientierungspraktika an. Hierf\u00fcr sollten die Sch\u00fcler*innen rechtzeitig Kontakt zu uns aufnehmen und sich vorstellen, da wir nur eine begrenzte Aufnahmekapazit\u00e4t haben.<\/p>\n<p>Dar\u00fcber hinaus bilden wir Kinderpfleger*innen und Erzieher*innen aus.<\/p>\n<p>Folgend eine \u00dcbersicht der Voraussetzungen f\u00fcr die unterschiedlichen Ausbildungsm\u00f6glichkeiten zur\/m Erzieher*in. Bei Interesse k\u00f6nnen Sie sich gerne bei uns melden.<\/p>\n<ol>\n<li><strong> Schulische Voraussetzungen<\/strong><\/li>\n<\/ol>\n<ul>\n<li><strong>Fachoberschulreife (Mittlere Reife)<\/strong> oder ein gleichwertiger Abschluss <strong>und<\/strong> eine abgeschlossene einschl\u00e4gige berufliche Vorbildung, z.B.:\n<ul>\n<li>Abgeschlossene Ausbildung als <strong>Kinderpfleger\/in<\/strong> oder <strong>Sozialassistent\/in<\/strong>.<\/li>\n<li>Erfolgreicher Abschluss einer <strong>zweij\u00e4hrigen Berufsfachschule<\/strong> in einem sozialp\u00e4dagogischen Bereich.<\/li>\n<\/ul>\n<\/li>\n<li><strong>Fachhochschulreife<\/strong> (schulischer Teil) oder <strong>Abitur<\/strong> (Allgemeine Hochschulreife) <strong>und<\/strong> praktische Erfahrung im sozialp\u00e4dagogischen Bereich (z.B. ein Praktikum oder Freiwilligendienst).<\/li>\n<\/ul>\n<ol start=\"2\">\n<li><strong> Berufliche Vorbildung bzw. Praktische Erfahrung<\/strong><\/li>\n<\/ol>\n<p>Je nach schulischem Abschluss ist eine praktische Vorbildung oder ein Berufspraktikum notwendig:<\/p>\n<ul>\n<li><strong>Mindestens ein einschl\u00e4giges Praktikum<\/strong> (z.B. in einer Kita, einem Kindergarten oder einer Jugendeinrichtung) im Umfang von etwa 900 Stunden oder eine andere nachgewiesene praktische T\u00e4tigkeit im sozialp\u00e4dagogischen Bereich.<\/li>\n<li>Absolvierung eines <strong>freiwilligen sozialen Jahres<\/strong> (FSJ) oder des <strong>Bundesfreiwilligendienstes<\/strong> (BFD) im p\u00e4dagogischen Bereich kann als Praxiserfahrung angerechnet werden.<\/li>\n<\/ul>\n<ol start=\"3\">\n<li><strong> Zugang \u00fcber die Fachoberschule (FOS)<\/strong><\/li>\n<\/ol>\n<p>Alternativ kann der Zugang \u00fcber die <strong>Fachoberschule f\u00fcr Sozial- und Gesundheitswesen<\/strong> erfolgen:<\/p>\n<ul>\n<li>Erfolgreicher Abschluss der <strong>Fachoberschule Klasse 11\/12<\/strong> mit Schwerpunkt Sozialwesen und dem Erwerb der Fachhochschulreife.<\/li>\n<\/ul>\n<ol start=\"4\">\n<li><strong> Praxisintegrierte Ausbildung (PIA)<\/strong><\/li>\n<\/ol>\n<p>F\u00fcr die praxisintegrierte Ausbildung (PIA) zur Erzieherin\/zum Erzieher gelten \u00e4hnliche Voraussetzungen, jedoch ist hier eine parallele Besch\u00e4ftigung in einer sozialp\u00e4dagogischen Einrichtung vorgesehen. Die Bewerber ben\u00f6tigen in der Regel:<\/p>\n<ul>\n<li>Fachoberschulreife oder Abitur <strong>und<\/strong><\/li>\n<li>Praktische Erfahrung oder eine einschl\u00e4gige berufliche Vorbildung im Bereich P\u00e4dagogik.<\/li>\n<\/ul>\n<p>Weitere Hinweise und Erg\u00e4nzungen zu der Kinderpfleger*innen Ausbildung erhalten Sie hier:<\/p>\n<p><a href=\"https:\/\/www.kita.nrw.de\/erzieherin-erzieher-oder-kinderpflegerin-kinderpfleger-werden\">Erzieherin \/ Erzieher oder Kinderpflegerin \/ Kinderpfleger werden | KiTa-Portal NRW<\/a><\/p>\n<p><strong>Hinweis: <\/strong><\/p>\n<p>Die genauen Zugangsvoraussetzungen k\u00f6nnen je nach Fachschule oder Ausbildungsst\u00e4tte leicht variieren. Es ist immer ratsam, sich direkt bei der jeweiligen Fachschule \u00fcber deren spezifische Anforderungen zu informieren.<\/p>\n","protected":false},"excerpt":{"rendered":"<p>Ausbildung\/Praktika Im Rahmen unserer Kooperation mit Stadtteilnahen Sekundarschulen bieten wir Sch\u00fcler*innen ein- bis mehrt\u00e4gige Orientierungspraktika an. Hierf\u00fcr sollten die Sch\u00fcler*innen rechtzeitig Kontakt zu uns aufnehmen und sich vorstellen, da wir nur eine begrenzte Aufnahmekapazit\u00e4t haben. Dar\u00fcber hinaus bilden wir Kinderpfleger*innen &hellip; <a href=\"https:\/\/www.buergerschaftshausev.de\/?page_id=1702\">Weiterlesen <span class=\"meta-nav\">&rarr;<\/span><\/a><\/p>\n","protected":false},"author":12,"featured_media":0,"parent":28,"menu_order":0,"comment_status":"closed","ping_status":"closed","template":"","meta":{"_bbp_topic_count":0,"_bbp_reply_count":0,"_bbp_total_topic_count":0,"_bbp_total_reply_count":0,"_bbp_voice_count":0,"_bbp_anonymous_reply_count":0,"_bbp_topic_count_hidden":0,"_bbp_reply_count_hidden":0,"_bbp_forum_subforum_count":0,"jetpack_post_was_ever_published":false,"footnotes":""},"class_list":["post-1702","page","type-page","status-publish","hentry"],"jetpack_sharing_enabled":true,"jetpack_shortlink":"https:\/\/wp.me\/P5AdbL-rs","_links":{"self":[{"href":"https:\/\/www.buergerschaftshausev.de\/index.php?rest_route=\/wp\/v2\/pages\/1702","targetHints":{"allow":["GET"]}}],"collection":[{"href":"https:\/\/www.buergerschaftshausev.de\/index.php?rest_route=\/wp\/v2\/pages"}],"about":[{"href":"https:\/\/www.buergerschaftshausev.de\/index.php?rest_route=\/wp\/v2\/types\/page"}],"author":[{"embeddable":true,"href":"https:\/\/www.buergerschaftshausev.de\/index.php?rest_route=\/wp\/v2\/users\/12"}],"replies":[{"embeddable":true,"href":"https:\/\/www.buergerschaftshausev.de\/index.php?rest_route=%2Fwp%2Fv2%2Fcomments&post=1702"}],"version-history":[{"count":1,"href":"https:\/\/www.buergerschaftshausev.de\/index.php?rest_route=\/wp\/v2\/pages\/1702\/revisions"}],"predecessor-version":[{"id":1703,"href":"https:\/\/www.buergerschaftshausev.de\/index.php?rest_route=\/wp\/v2\/pages\/1702\/revisions\/1703"}],"up":[{"embeddable":true,"href":"https:\/\/www.buergerschaftshausev.de\/index.php?rest_route=\/wp\/v2\/pages\/28"}],"wp:attachment":[{"href":"https:\/\/www.buergerschaftshausev.de\/index.php?rest_route=%2Fwp%2Fv2%2Fmedia&parent=1702"}],"curies":[{"name":"wp","href":"https:\/\/api.w.org\/{rel}","templated":true}]}}