{"id":19,"date":"2015-01-08T12:06:48","date_gmt":"2015-01-08T10:06:48","guid":{"rendered":"http:\/\/www.buergerschaftshausev.de\/?page_id=19"},"modified":"2025-06-20T11:37:46","modified_gmt":"2025-06-20T09:37:46","slug":"termine","status":"publish","type":"page","link":"https:\/\/www.buergerschaftshausev.de\/?page_id=19","title":{"rendered":"Angebote"},"content":{"rendered":"<p><strong>Fr\u00fchst\u00fcck im Caf\u00e9:<br \/>\n<\/strong>Dienstag und Donnerstag 8:00 bis 12:00 Uhr<\/p>\n<p><strong>Sport-Angebot: <\/strong>Dienstag, Mittwoch und Freitag ab 09:00 Uhr sowie Montagabend ab 18:00 Uhr\u00a0 mit unterschiedlichen Kursen <strong><a title=\"Gymnastik\" href=\"http:\/\/www.buergerschaftshausev.de\/?page_id=82\">Gymnastik, Fitness und Pilates sowie Ger\u00e4tetraining\u00a0 (montags bis freitags ab 09.00 Uhr<\/a>) und anschlie\u00dfendem Ger\u00e4tetraining. <\/strong>Starten Sie montags entspannt in die Woche mit unseren<strong> Yoga-Kursen um 10 Uhr und um 11:30 Uhr.\u00a0<\/strong><\/p>\n<p><a href=\"http:\/\/www.buergerschaftshausev.de\/?page_id=413\"><strong> Mittagstisch im Caf\u00e9: <\/strong><\/a>\u00a0Mittwochs 12:00 &#8211; 14:00 Uhr im Saal und Dienstag- und Donnerstagnachmittag 14:00 bis 17:00 Uhr<\/p>\n<p><strong>Give-Room:\u00a0<\/strong>Donnerstag von 10:00 bis 13:00 Uhr und nach Vereinbarung<\/p>\n<p><strong>Spielenachmittag:\u00a0<\/strong>Montag von 14:30 Uhr bis 16:00 Uhr im Caf\u00e9<\/p>\n<p><strong>Gruppen<\/strong><br \/>\nSquare Dance (Colonia Swingers) : Mittwochabend 19:00 bis 21 Uhr<br \/>\n<a title=\"Scatclub Bocklem\u00fcnd\" href=\"http:\/\/www.scbocklemuend.de\/\" target=\"_blank\" rel=\"noopener noreferrer\">Skatclub SC Bocklem\u00fcnd<\/a> (Donnerstags 19:00 &#8211; 22:00)<br \/>\nA.I.M.A Deutsch-malischer Kulturverein (monatl. Vorstandssitzungen und 4x im Jahr Kulturfeste)<\/p>\n<p><span style=\"text-decoration: underline;\"><strong>Kurse<\/strong><\/span><\/p>\n<p>Deutsch-Kurs (Donnerstag und Freitag von 09:00 &#8211; 12:30 Uhr)<\/p>\n","protected":false},"excerpt":{"rendered":"<p>Fr\u00fchst\u00fcck im Caf\u00e9: Dienstag und Donnerstag 8:00 bis 12:00 Uhr Sport-Angebot: Dienstag, Mittwoch und Freitag ab 09:00 Uhr sowie Montagabend ab 18:00 Uhr\u00a0 mit unterschiedlichen Kursen Gymnastik, Fitness und Pilates sowie Ger\u00e4tetraining\u00a0 (montags bis freitags ab 09.00 Uhr) und anschlie\u00dfendem &hellip; <a href=\"https:\/\/www.buergerschaftshausev.de\/?page_id=19\">Weiterlesen <span class=\"meta-nav\">&rarr;<\/span><\/a><\/p>\n","protected":false},"author":1,"featured_media":0,"parent":0,"menu_order":2,"comment_status":"closed","ping_status":"closed","template":"","meta":{"_bbp_topic_count":0,"_bbp_reply_count":0,"_bbp_total_topic_count":0,"_bbp_total_reply_count":0,"_bbp_voice_count":0,"_bbp_anonymous_reply_count":0,"_bbp_topic_count_hidden":0,"_bbp_reply_count_hidden":0,"_bbp_forum_subforum_count":0,"jetpack_post_was_ever_published":false,"footnotes":""},"class_list":["post-19","page","type-page","status-publish","hentry"],"jetpack_sharing_enabled":true,"jetpack_shortlink":"https:\/\/wp.me\/P5AdbL-j","_links":{"self":[{"href":"https:\/\/www.buergerschaftshausev.de\/index.php?rest_route=\/wp\/v2\/pages\/19","targetHints":{"allow":["GET"]}}],"collection":[{"href":"https:\/\/www.buergerschaftshausev.de\/index.php?rest_route=\/wp\/v2\/pages"}],"about":[{"href":"https:\/\/www.buergerschaftshausev.de\/index.php?rest_route=\/wp\/v2\/types\/page"}],"author":[{"embeddable":true,"href":"https:\/\/www.buergerschaftshausev.de\/index.php?rest_route=\/wp\/v2\/users\/1"}],"replies":[{"embeddable":true,"href":"https:\/\/www.buergerschaftshausev.de\/index.php?rest_route=%2Fwp%2Fv2%2Fcomments&post=19"}],"version-history":[{"count":46,"href":"https:\/\/www.buergerschaftshausev.de\/index.php?rest_route=\/wp\/v2\/pages\/19\/revisions"}],"predecessor-version":[{"id":1755,"href":"https:\/\/www.buergerschaftshausev.de\/index.php?rest_route=\/wp\/v2\/pages\/19\/revisions\/1755"}],"wp:attachment":[{"href":"https:\/\/www.buergerschaftshausev.de\/index.php?rest_route=%2Fwp%2Fv2%2Fmedia&parent=19"}],"curies":[{"name":"wp","href":"https:\/\/api.w.org\/{rel}","templated":true}]}}