{"id":911,"date":"2018-06-19T22:06:25","date_gmt":"2018-06-19T20:06:25","guid":{"rendered":"https:\/\/www.buergerschaftshausev.de\/?page_id=911"},"modified":"2018-08-07T20:47:45","modified_gmt":"2018-08-07T18:47:45","slug":"datenschutz","status":"publish","type":"page","link":"https:\/\/www.buergerschaftshausev.de\/?page_id=911","title":{"rendered":"Datenschutz"},"content":{"rendered":"<h1 class=\"page-title\"><\/h1>\n<div class=\"entry clearfix\">\n<div class=\"ce_text first block\" data-frontend-helper=\"{&quot;template&quot;:&quot;ce_text&quot;,&quot;templatePath&quot;:&quot;system\\\/modules\\\/core\\\/templates\\\/elements\\\/ce_text.html5&quot;,&quot;toolbar&quot;:true}\">\n<p>Diese Datenschutzerkl\u00e4rung informiert \u00fcber die Verarbeitung personenbezogener Daten auf der Webseite www.buergerschaftshausev.de von:<\/p>\n<p>B\u00fcrgerschaftshaus Bocklem\u00fcnd e.V.<br \/>\nG\u00f6rlinger Zentrum 15<br \/>\nD 50829 K\u00f6ln<br \/>\nFon: 0049-(0)221-501017<br \/>\neMail: buergerschaftshaus@netcologne.de<\/p>\n<p>Das\u00a0B\u00fcrgerschaftshaus Bocklem\u00fcnd\/Mengenich e.V nimmt einen verantwortungsbewussten Umgang mit personenbezogenen Daten sehr ernst. Wir m\u00f6chten, dass Sie wissen, wann wir welche Daten erheben und wie wir sie verwenden.<\/p>\n<p>Wir haben technische und organisatorische Ma\u00dfnahmen getroffen, die sicherstellen, dass die Vorschriften \u00fcber den Datenschutz sowohl von uns als auch von unseren externen Dienstleistern beachtet werden.<\/p>\n<p>Die Nutzung unserer Website ist in der Regel ohne Angabe personenbezogener Daten m\u00f6glich. Soweit auf unseren Seiten personenbezogene Daten (beispielsweise Name, Anschrift oder E-Mail-Adressen) erhoben werden, erfolgt dies, soweit m\u00f6glich, stets auf freiwilliger Basis. Diese Daten werden ohne Ihre ausdr\u00fcckliche Zustimmung nicht an Dritte weitergegeben.<\/p>\n<p>Im Zuge der Weiterentwicklung unserer Webseiten und der Implementierung neuer Technologien k\u00f6nnen \u00c4nderungen dieser Datenschutzerkl\u00e4rung erforderlich werden. Daher empfehlen wir Ihnen, sich diese Datenschutzerkl\u00e4rung ab und zu erneut durchzulesen.<\/p>\n<\/div>\n<div class=\"ce_text block\" data-frontend-helper=\"{&quot;template&quot;:&quot;ce_text&quot;,&quot;templatePath&quot;:&quot;system\\\/modules\\\/core\\\/templates\\\/elements\\\/ce_text.html5&quot;,&quot;toolbar&quot;:true}\">\n<h2>Server-Log-Files<\/h2>\n<p>Unser Hosting-Provider 1und1 erhebt und speichert automatisch Informationen in so genannten Server-Log-Files, die Ihr Browser automatisch \u00fcbermittelt. Dies sind:<\/p>\n<ul type=\"disc\">\n<li>Browsertyp und Browserversion<\/li>\n<li>Verwendetes Betriebssystem<\/li>\n<li>Referrer URL<\/li>\n<li>IP-Adresse und ggf. Hostname des zugreifenden Rechners<\/li>\n<li>Name der abgerufenen Datei und \u00fcbertragene Datenmenge<\/li>\n<li>Datum und Uhrzeit des Abrufs<\/li>\n<li>Meldung, ob der Abruf erfolgreich war<\/li>\n<\/ul>\n<p>Diese Daten k\u00f6nnen nicht bestimmten Personen zugeordnet werden. Eine Zusammenf\u00fchrung dieser Daten mit anderen Datenquellen wird nicht vorgenommen. Wir behalten uns vor, diese Daten nachtr\u00e4glich zu pr\u00fcfen, wenn uns konkrete Anhaltspunkte f\u00fcr eine rechtswidrige Nutzung bekannt werden.<\/p>\n<p>Die Daten werden nach 60 Tagen gel\u00f6scht.<\/p>\n<\/div>\n<div class=\"ce_text block\" data-frontend-helper=\"{&quot;template&quot;:&quot;ce_text&quot;,&quot;templatePath&quot;:&quot;system\\\/modules\\\/core\\\/templates\\\/elements\\\/ce_text.html5&quot;,&quot;toolbar&quot;:true}\">\n<h2>Cookies<\/h2>\n<p><span lang=\"de\">Auf den Seiten\u00a0des B\u00fcrgerschaftshaus Bocklem\u00fcnd\/Mengenich e.V\u00a0 werden sogenannte\u00a0<\/span><span lang=\"en-GB\">Cookies<\/span><span lang=\"de\">\u00a0eingesetzt.\u00a0<\/span><span lang=\"en-GB\">Cookies<\/span><span lang=\"de\">\u00a0sind kleine Textdateien, die auf Ihrem Computer gespeichert werden. Wir ben\u00f6tigen sie zum einen zum Betrieb un<\/span><span lang=\"de\">serer Anwendungen und zum anderen dienen sie dazu, unser Angebot benutzerfreundlicher und effektiver zu machen. Diese\u00a0<\/span><span lang=\"en-GB\">Cookies<\/span><span lang=\"de\">\u00a0bleiben nur bis zum Ende der jeweiligen Sitzung g\u00fcltig. Sie k\u00f6nnen die Verwendung von\u00a0<\/span><span lang=\"en-GB\">Cookies<\/span><span lang=\"de\">\u00a0durch eine entsprechende Einstellung Ihres Browsers verhindern. Dies kann jedoch dazu f\u00fchren, dass Sie unsere Internetseite nicht im kompletten Umfang verwenden k\u00f6nnen.<\/span><\/p>\n<\/div>\n<div class=\"ce_text block\" data-frontend-helper=\"{&quot;template&quot;:&quot;ce_text&quot;,&quot;templatePath&quot;:&quot;system\\\/modules\\\/core\\\/templates\\\/elements\\\/ce_text.html5&quot;,&quot;toolbar&quot;:true}\">\n<h2>Google Analytics<\/h2>\n<p>Diese Website nutzt Funktionen des Webanalysedienstes Google Analytics. Anbieter ist die Google Inc., 1600 Amphitheatre Parkway Mountain View, CA 94043, USA.<\/p>\n<p>Google Analytics verwendet so genannte \u201eCookies\u201c. Das sind Textdateien, die auf Ihrem Computer gespeichert werden und die eine Analyse der Benutzung der Website durch Sie erm\u00f6glichen. Die durch den Cookie erzeugten Informationen \u00fcber Ihre Benutzung dieser Website werden in der Regel an einen Server von Google in den USA \u00fcbertragen und dort gespeichert.<\/p>\n<p>Die Datenschutzbedingungen von Goolge finden Sie unter\u00a0<a href=\"https:\/\/policies.google.com\/privacy?hl=de\" target=\"_blank\" rel=\"noopener\">Datenschutzerkl\u00e4rung von Google<\/a>.<\/p>\n<h3>IP-Anonymisierung<\/h3>\n<p>Wir haben auf dieser Website die Funktion IP-Anonymisierung aktiviert. Dadurch wird Ihre IP-Adresse von Google innerhalb von Mitgliedstaaten der Europ\u00e4ischen Union oder in anderen Vertragsstaaten des Abkommens \u00fcber den Europ\u00e4ischen Wirtschaftsraum vor der \u00dcbermittlung in die USA gek\u00fcrzt. Nur in Ausnahmef\u00e4llen wird die volle IP-Adresse an einen Server von Google in den USA \u00fcbertragen und dort gek\u00fcrzt. Im Auftrag des Betreibers dieser Website wird Google diese Informationen benutzen, um Ihre Nutzung der Website auszuwerten, um Reports \u00fcber die Websiteaktivit\u00e4ten zusammenzustellen und um weitere mit der Websitenutzung und der Internetnutzung verbundene Dienstleistungen gegen\u00fcber dem Websitebetreiber zu erbringen. Die im Rahmen von Google Analytics von Ihrem Browser \u00fcbermittelte IP- Adresse wird nicht mit anderen Daten von Google zusammengef\u00fchrt.<\/p>\n<h3>Browser Plugin<\/h3>\n<p>Sie k\u00f6nnen die Speicherung der Cookies durch eine entsprechende Einstellung Ihrer Browser-Software verhindern; wir weisen Sie jedoch darauf hin, dass Sie in diesem Fall gegebenenfalls nicht s\u00e4mtliche Funktionen dieser Website vollumf\u00e4nglich werden nutzen k\u00f6nnen. Sie k\u00f6nnen dar\u00fcber hinaus die Erfassung der durch den Cookie erzeugten und auf Ihre Nutzung der Website bezogenen Daten (inkl. Ihrer IP-Adresse) an Google sowie die Verarbeitung dieser Daten durch Google verhindern, indem Sie das unter dem folgenden Link verf\u00fcgbare Browser-Plugin herunterladen und installieren:\u00a0<a href=\"https:\/\/tools.google.com\/dlpage\/gaoptout?hl=de\" target=\"_blank\" rel=\"noopener\">tools.google.com\/dlpage\/gaoptout?hl=de<\/a><\/p>\n<h3>Widerspruch gegen Datenerfassung<\/h3>\n<p>Sie k\u00f6nnen die Erfassung Ihrer Daten durch Google Analytics verhindern, indem Sie auf folgenden Link klicken. Es wird ein Opt-Out-Cookie gesetzt, der die Erfassung Ihrer Daten bei zuk\u00fcnftigen Besuchen dieser Website verhindert:\u00a0<a href=\"https:\/\/www.krv77.de\/#\">Google Analytics deaktivieren<\/a><\/p>\n<p>Mehr Informationen zum Umgang mit Nutzerdaten bei Google Analytics finden Sie in der Datenschutzerkl\u00e4rung von Google:\u00a0<a href=\"https:\/\/support.google.com\/analytics\/answer\/6004245?hl=de\" target=\"_blank\" rel=\"noopener\">support.google.com\/analytics\/answer\/6004245?hl=de<\/a><\/p>\n<\/div>\n<div class=\"ce_text block\" data-frontend-helper=\"{&quot;template&quot;:&quot;ce_text&quot;,&quot;templatePath&quot;:&quot;system\\\/modules\\\/core\\\/templates\\\/elements\\\/ce_text.html5&quot;,&quot;toolbar&quot;:true}\">\n<h2>Google Maps<\/h2>\n<p>Diese Webseite des B\u00fcrgerschaftshaus Bocklem\u00fcnd\/Mengenich e.V verwendet das Produkt Google Maps von Google Inc., um geografische Informationen visuell darzustellen. Bei der Nutzung von Google Maps werden von Google auch Daten \u00fcber die Nutzung der Maps-Funktionen durch Besucher der Webseiten erhoben, verarbeitet und genutzt.<\/p>\n<p>Die Nutzungsbedingungen von Google Maps finden Sie unter\u00a0<a href=\"https:\/\/www.google.com\/intl\/de_de\/help\/terms_maps.html\" target=\"_blank\" rel=\"noopener\">Nutzungsbedingungen von Google Maps<\/a>.<\/p>\n<p>Die Datenschutzbedingungen von Google finden Sie unter\u00a0<a href=\"https:\/\/policies.google.com\/privacy?hl=de\" target=\"_blank\" rel=\"noopener\">Datenschutzerkl\u00e4rung von Google<\/a>.<\/p>\n<\/div>\n<div class=\"ce_text block\" data-frontend-helper=\"{&quot;template&quot;:&quot;ce_text&quot;,&quot;templatePath&quot;:&quot;system\\\/modules\\\/core\\\/templates\\\/elements\\\/ce_text.html5&quot;,&quot;toolbar&quot;:true}\">\n<h2>E-Mailing und sonstige Kontakte<\/h2>\n<p>Ihre Anfragen an das\u00a0B\u00fcrgerschaftshaus Bocklem\u00fcnd\/Mengenich e.V werden in Papier oder elektronischer Form gem\u00e4\u00df den f\u00fcr die Aufbewahrung von Schriftgut geltenden Fristen aufbewahrt. Die Verwendung Ihrer Daten erfolgt ausschlie\u00dflich f\u00fcr die unmittelbare Korrespondenz mit Ihnen.<\/p>\n<\/div>\n<div class=\"ce_text block\" data-frontend-helper=\"{&quot;template&quot;:&quot;ce_text&quot;,&quot;templatePath&quot;:&quot;system\\\/modules\\\/core\\\/templates\\\/elements\\\/ce_text.html5&quot;,&quot;toolbar&quot;:true}\">\n<h2>Weitergabe personenbezogener Daten an Dritte<\/h2>\n<p>Daten, die beim Zugriff auf das Internetangebot\u00a0des B\u00fcrgerschaftshaus Bocklem\u00fcnd\/Mengenich e.V protokolliert wurden, werden an Dritte nur \u00fcbermittelt, soweit wir gesetzlich oder durch Gerichtsentscheidung dazu verpflichtet sind oder dies im Falle von Angriffen auf die Internetinfrastruktur zur Rechts- oder Strafverfolgung erforderlich ist.<br \/>\nEine Weitergabe an Dritte, zu kommerziellen oder nichtkommerziellen Zwecken, findet dar\u00fcber hinaus ohne Ihre ausdr\u00fcckliche Einwilligung nicht statt.<\/p>\n<\/div>\n<div class=\"ce_text block\" data-frontend-helper=\"{&quot;template&quot;:&quot;ce_text&quot;,&quot;templatePath&quot;:&quot;system\\\/modules\\\/core\\\/templates\\\/elements\\\/ce_text.html5&quot;,&quot;toolbar&quot;:true}\">\n<h2>Minderj\u00e4hrigenschutz<\/h2>\n<p>Personen unter 18 Jahren sollten ohne Zustimmung der Eltern oder Erziehungsberechtigten keine personenbezogenen Daten an uns \u00fcbermitteln. Wir fordern keine personenbezogenen Daten von Kindern und Jugendlichen an. Wissentlich sammeln wir solche Daten nicht und geben sie auch nicht an Dritte weiter.<\/p>\n<\/div>\n<div class=\"ce_text block\" data-frontend-helper=\"{&quot;template&quot;:&quot;ce_text&quot;,&quot;templatePath&quot;:&quot;system\\\/modules\\\/core\\\/templates\\\/elements\\\/ce_text.html5&quot;,&quot;toolbar&quot;:true}\">\n<h2>Recht auf Auskunft, L\u00f6schung, Sperrung<\/h2>\n<p>Sie haben jederzeit das Recht auf unentgeltliche Auskunft \u00fcber Ihre gespeicherten personenbezogenen Daten, deren Herkunft und Empf\u00e4nger und den Zweck der Datenverarbeitung sowie ein Recht auf Berichtigung, Sperrung oder L\u00f6schung dieser Daten. Hierzu sowie zu weiteren Fragen zum Thema personenbezogene Daten k\u00f6nnen Sie sich jederzeit unter der im Impressum angegebenen Adresse an uns wenden.<\/p>\n<\/div>\n<div class=\"ce_text block\" data-frontend-helper=\"{&quot;template&quot;:&quot;ce_text&quot;,&quot;templatePath&quot;:&quot;system\\\/modules\\\/core\\\/templates\\\/elements\\\/ce_text.html5&quot;,&quot;toolbar&quot;:true}\">\n<h2>Links zu Webseiten anderer Anbieter<\/h2>\n<p>Unser Online-Angebot enth\u00e4lt Links zu Webseiten anderer Anbieter. Wir haben keinen Einfluss darauf, dass diese Anbieter die Datenschutzbestimmungen einhalten.<\/p>\n<\/div>\n<div class=\"ce_text last block\" data-frontend-helper=\"{&quot;template&quot;:&quot;ce_text&quot;,&quot;templatePath&quot;:&quot;system\\\/modules\\\/core\\\/templates\\\/elements\\\/ce_text.html5&quot;,&quot;toolbar&quot;:true}\">\n<p>Stand: Mai 2018<\/p>\n<\/div>\n<\/div>\n","protected":false},"excerpt":{"rendered":"<p>Diese Datenschutzerkl\u00e4rung informiert \u00fcber die Verarbeitung personenbezogener Daten auf der Webseite www.buergerschaftshausev.de von: B\u00fcrgerschaftshaus Bocklem\u00fcnd e.V. G\u00f6rlinger Zentrum 15 D 50829 K\u00f6ln Fon: 0049-(0)221-501017 eMail: buergerschaftshaus@netcologne.de Das\u00a0B\u00fcrgerschaftshaus Bocklem\u00fcnd\/Mengenich e.V nimmt einen verantwortungsbewussten Umgang mit personenbezogenen Daten sehr ernst. Wir m\u00f6chten, &hellip; <a href=\"https:\/\/www.buergerschaftshausev.de\/?page_id=911\">Weiterlesen <span class=\"meta-nav\">&rarr;<\/span><\/a><\/p>\n","protected":false},"author":1,"featured_media":0,"parent":8,"menu_order":0,"comment_status":"closed","ping_status":"closed","template":"","meta":{"_bbp_topic_count":0,"_bbp_reply_count":0,"_bbp_total_topic_count":0,"_bbp_total_reply_count":0,"_bbp_voice_count":0,"_bbp_anonymous_reply_count":0,"_bbp_topic_count_hidden":0,"_bbp_reply_count_hidden":0,"_bbp_forum_subforum_count":0,"jetpack_post_was_ever_published":false,"footnotes":""},"class_list":["post-911","page","type-page","status-publish","hentry"],"jetpack_sharing_enabled":true,"jetpack_shortlink":"https:\/\/wp.me\/P5AdbL-eH","_links":{"self":[{"href":"https:\/\/www.buergerschaftshausev.de\/index.php?rest_route=\/wp\/v2\/pages\/911","targetHints":{"allow":["GET"]}}],"collection":[{"href":"https:\/\/www.buergerschaftshausev.de\/index.php?rest_route=\/wp\/v2\/pages"}],"about":[{"href":"https:\/\/www.buergerschaftshausev.de\/index.php?rest_route=\/wp\/v2\/types\/page"}],"author":[{"embeddable":true,"href":"https:\/\/www.buergerschaftshausev.de\/index.php?rest_route=\/wp\/v2\/users\/1"}],"replies":[{"embeddable":true,"href":"https:\/\/www.buergerschaftshausev.de\/index.php?rest_route=%2Fwp%2Fv2%2Fcomments&post=911"}],"version-history":[{"count":2,"href":"https:\/\/www.buergerschaftshausev.de\/index.php?rest_route=\/wp\/v2\/pages\/911\/revisions"}],"predecessor-version":[{"id":914,"href":"https:\/\/www.buergerschaftshausev.de\/index.php?rest_route=\/wp\/v2\/pages\/911\/revisions\/914"}],"up":[{"embeddable":true,"href":"https:\/\/www.buergerschaftshausev.de\/index.php?rest_route=\/wp\/v2\/pages\/8"}],"wp:attachment":[{"href":"https:\/\/www.buergerschaftshausev.de\/index.php?rest_route=%2Fwp%2Fv2%2Fmedia&parent=911"}],"curies":[{"name":"wp","href":"https:\/\/api.w.org\/{rel}","templated":true}]}}